{"id":175,"date":"2022-03-10T15:15:17","date_gmt":"2022-03-10T20:15:17","guid":{"rendered":"https:\/\/compracorporativasalud.compraspublicas.gob.ec\/SICM\/?page_id=175"},"modified":"2022-03-21T10:37:11","modified_gmt":"2022-03-21T15:37:11","slug":"registro-de-proveedores","status":"publish","type":"page","link":"https:\/\/compracorporativasalud.compraspublicas.gob.ec\/SICM\/?page_id=175","title":{"rendered":"Registro de proveedores"},"content":{"rendered":"<p>[et_pb_section fb_built=\u00bb1&#8243; fullwidth=\u00bbon\u00bb _builder_version=\u00bb3.22&#8243; global_colors_info=\u00bb{}\u00bb][et_pb_fullwidth_image src=\u00bbhttps:\/\/compracorporativasalud.compraspublicas.gob.ec\/SICM\/wp-content\/uploads\/2022\/03\/Mesa-de-trabajo-7-copia-5-8.png\u00bb title_text=\u00bbMesa de trabajo 7 copia 5-8&#8243; _builder_version=\u00bb4.14.8&#8243; animation_style=\u00bbslide\u00bb animation_direction=\u00bbleft\u00bb animation_duration=\u00bb500ms\u00bb animation_intensity_slide=\u00bb10%\u00bb hover_enabled=\u00bb0&#8243; global_colors_info=\u00bb{}\u00bb sticky_enabled=\u00bb0&#8243;]&nbsp;<br \/>\n[\/et_pb_fullwidth_image][\/et_pb_section][et_pb_section fb_built=\u00bb1&#8243; _builder_version=\u00bb3.22&#8243; global_colors_info=\u00bb{}\u00bb][et_pb_row _builder_version=\u00bb3.25&#8243; background_size=\u00bbinitial\u00bb background_position=\u00bbtop_left\u00bb background_repeat=\u00bbrepeat\u00bb global_colors_info=\u00bb{}\u00bb][et_pb_column type=\u00bb4_4&#8243; _builder_version=\u00bb3.25&#8243; custom_padding=\u00bb|||\u00bb global_colors_info=\u00bb{}\u00bb custom_padding__hover=\u00bb|||\u00bb][et_pb_text _builder_version=\u00bb4.14.8&#8243; border_style=\u00bbsolid\u00bb global_colors_info=\u00bb{}\u00bb]<\/p>\n<p style=\"text-align: justify;\"><span style=\"color: #000000;\">Para participar en la Subasta Inversa Corporativa de Medicamentos las empresas nacionales y extranjeras deben inscribirse en el Registro \u00danico de Proveedores (RUP). El procedimiento realiza en l\u00ednea y de forma gratuita, a trav\u00e9s de los siguientes accesos:<\/span><\/p>\n<p style=\"text-align: justify;\"><span style=\"color: #000000;\"><strong>Registrarse como proveedor nacional.<\/strong><\/span><\/p>\n<p style=\"text-align: justify;\"><a href=\"https:\/\/www.compraspublicas.gob.ec\/ProcesoContratacion\/compras\/FO\/paso1.cpe\">https:\/\/www.compraspublicas.gob.ec\/ProcesoContratacion\/compras\/FO\/paso1.cpe<\/a><\/p>\n<p style=\"text-align: justify;\"><strong>\u00a0<\/strong><\/p>\n<p style=\"text-align: justify;\"><span style=\"color: #000000;\"><strong>Registrarse como proveedor extranjero.<\/strong><\/span><\/p>\n<p style=\"text-align: justify;\"><a href=\"https:\/\/www.compraspublicas.gob.ec\/ProcesoContratacion\/compras\/RPE\/rppaso1.cpe?cmbIdioma=es\">https:\/\/www.compraspublicas.gob.ec\/ProcesoContratacion\/compras\/RPE\/rppaso1.cpe?cmbIdioma=es<\/a><\/p>\n<p style=\"text-align: justify;\"><span style=\"color: #000000;\"><strong>Actualizaci\u00f3n de informaci\u00f3n<\/strong><\/span><\/p>\n<p style=\"text-align: justify;\"><span style=\"color: #000000;\">Si usted ya es un proveedor inscrito en el Registro \u00danico de Proveedores (RUP)\u00a0 y desea participar en la Subasta Inversa Corporativa de Medicamentos debe actualizar sus datos\u00a0 ingresando al portal institucional del Sercop con su RUC, Usuario y Contrase\u00f1a, y completar los pasos solicitados en la secci\u00f3n de avisos.<\/span><\/p>\n<p style=\"text-align: justify;\"><span style=\"color: #000000;\">Para continuar con la actualizaci\u00f3n de datos ingrese al siguiente enlace:<\/span><\/p>\n<p style=\"text-align: justify;\"><a href=\"https:\/\/www.compraspublicas.gob.ec\/ProcesoContratacion\/compras\/\">https:\/\/www.compraspublicas.gob.ec\/ProcesoContratacion\/compras\/<\/a><\/p>\n<p style=\"text-align: justify;\"><span style=\"color: #000000;\">\u00a0<\/span><\/p>\n<p>[\/et_pb_text][\/et_pb_column][\/et_pb_row][\/et_pb_section]<\/p>\n","protected":false},"excerpt":{"rendered":"<p>&nbsp; Para participar en la Subasta Inversa Corporativa de Medicamentos las empresas nacionales y extranjeras deben inscribirse en el Registro \u00danico de Proveedores (RUP). El procedimiento realiza en l\u00ednea y de forma gratuita, a trav\u00e9s de los siguientes accesos: Registrarse como proveedor nacional. https:\/\/www.compraspublicas.gob.ec\/ProcesoContratacion\/compras\/FO\/paso1.cpe \u00a0 Registrarse como proveedor extranjero. https:\/\/www.compraspublicas.gob.ec\/ProcesoContratacion\/compras\/RPE\/rppaso1.cpe?cmbIdioma=es Actualizaci\u00f3n de informaci\u00f3n Si usted [&hellip;]<\/p>\n","protected":false},"author":1,"featured_media":0,"parent":0,"menu_order":0,"comment_status":"closed","ping_status":"closed","template":"","meta":{"_et_pb_use_builder":"on","_et_pb_old_content":"","_et_gb_content_width":"","footnotes":""},"_links":{"self":[{"href":"https:\/\/compracorporativasalud.compraspublicas.gob.ec\/SICM\/index.php?rest_route=\/wp\/v2\/pages\/175"}],"collection":[{"href":"https:\/\/compracorporativasalud.compraspublicas.gob.ec\/SICM\/index.php?rest_route=\/wp\/v2\/pages"}],"about":[{"href":"https:\/\/compracorporativasalud.compraspublicas.gob.ec\/SICM\/index.php?rest_route=\/wp\/v2\/types\/page"}],"author":[{"embeddable":true,"href":"https:\/\/compracorporativasalud.compraspublicas.gob.ec\/SICM\/index.php?rest_route=\/wp\/v2\/users\/1"}],"replies":[{"embeddable":true,"href":"https:\/\/compracorporativasalud.compraspublicas.gob.ec\/SICM\/index.php?rest_route=%2Fwp%2Fv2%2Fcomments&post=175"}],"version-history":[{"count":3,"href":"https:\/\/compracorporativasalud.compraspublicas.gob.ec\/SICM\/index.php?rest_route=\/wp\/v2\/pages\/175\/revisions"}],"predecessor-version":[{"id":264,"href":"https:\/\/compracorporativasalud.compraspublicas.gob.ec\/SICM\/index.php?rest_route=\/wp\/v2\/pages\/175\/revisions\/264"}],"wp:attachment":[{"href":"https:\/\/compracorporativasalud.compraspublicas.gob.ec\/SICM\/index.php?rest_route=%2Fwp%2Fv2%2Fmedia&parent=175"}],"curies":[{"name":"wp","href":"https:\/\/api.w.org\/{rel}","templated":true}]}}