{"id":513,"date":"2022-05-13T11:15:26","date_gmt":"2022-05-13T16:15:26","guid":{"rendered":"https:\/\/compracorporativasalud.compraspublicas.gob.ec\/SICM\/?page_id=513"},"modified":"2022-09-15T10:10:56","modified_gmt":"2022-09-15T15:10:56","slug":"normativa-sanitaria","status":"publish","type":"page","link":"https:\/\/compracorporativasalud.compraspublicas.gob.ec\/SICM\/?page_id=513","title":{"rendered":"Normativa Sanitaria"},"content":{"rendered":"<p>[et_pb_section fb_built=\u00bb1&#8243; fullwidth=\u00bbon\u00bb _builder_version=\u00bb4.16&#8243; global_colors_info=\u00bb{}\u00bb][et_pb_fullwidth_image src=\u00bbhttps:\/\/compracorporativasalud.compraspublicas.gob.ec\/SICM\/wp-content\/uploads\/2022\/05\/Mesa-de-trabajo-7-8-1.png\u00bb title_text=\u00bbMesa de trabajo 7-8 (1)\u00bb _builder_version=\u00bb4.17.1&#8243; animation_style=\u00bbslide\u00bb animation_direction=\u00bbleft\u00bb animation_duration=\u00bb500ms\u00bb animation_intensity_slide=\u00bb10%\u00bb border_style=\u00bbsolid\u00bb animation=\u00bbleft\u00bb global_colors_info=\u00bb{}\u00bb][\/et_pb_fullwidth_image][\/et_pb_section][et_pb_section fb_built=\u00bb1&#8243; _builder_version=\u00bb4.16&#8243; global_colors_info=\u00bb{}\u00bb][et_pb_row _builder_version=\u00bb4.16&#8243; background_size=\u00bbinitial\u00bb background_position=\u00bbtop_left\u00bb background_repeat=\u00bbrepeat\u00bb global_colors_info=\u00bb{}\u00bb][et_pb_column type=\u00bb4_4&#8243; _builder_version=\u00bb4.16&#8243; custom_padding=\u00bb|||\u00bb global_colors_info=\u00bb{}\u00bb custom_padding__hover=\u00bb|||\u00bb][et_pb_accordion _builder_version=\u00bb4.17.1&#8243; hover_enabled=\u00bb0&#8243; border_style=\u00bbsolid\u00bb global_colors_info=\u00bb{}\u00bb sticky_enabled=\u00bb0&#8243;][et_pb_accordion_item title=\u00bbAgencia Nacional de Regulaci\u00f3n, Control y Vigilancia Sanitaria (ARCSA)\u00bb open=\u00bbon\u00bb _builder_version=\u00bb4.17.1&#8243; hover_enabled=\u00bb0&#8243; global_colors_info=\u00bb{}\u00bb sticky_enabled=\u00bb0&#8243;]<a href=\"https:\/\/www.controlsanitario.gob.ec\/\" target=\"_blank\" rel=\"noopener noreferrer\">Ir<\/a>[\/et_pb_accordion_item][et_pb_accordion_item title=\u00bbLista de Agencias Reguladoras de Alta Vigilancia \u2013 Homologaci\u00f3n\u00bb _builder_version=\u00bb4.17.1&#8243; global_colors_info=\u00bb{}\u00bb open=\u00bboff\u00bb]<a href=\"https:\/\/compracorporativasalud.compraspublicas.gob.ec\/SICM\/wp-content\/uploads\/2022\/05\/Lista-de-Agencias-Reguladoras-de-Alta-Vigilancia-Homologacion-1.pdf\" target=\"_blank\" rel=\"noopener noreferrer\">Descargue Aqu\u00ed<\/a>[\/et_pb_accordion_item][et_pb_accordion_item title=\u00bbRequisitos Inscripci\u00f3n, Inscripci\u00f3n, Reinscripci\u00f3n, Homologaci\u00f3n y Modificaci\u00f3n de Registros Sanitarios de Medicamentos en General\u00bb _builder_version=\u00bb4.17.1&#8243; global_colors_info=\u00bb{}\u00bb open=\u00bboff\u00bb]<a href=\"https:\/\/compracorporativasalud.compraspublicas.gob.ec\/SICM\/wp-content\/uploads\/2022\/05\/REQUISITOS_INSCRIPCION_REINSCRIPCION_HOMOLOGACION_MODIFICACION-MG.pdf\" target=\"_blank\" rel=\"noopener noreferrer\">Descargue Aqu\u00ed<\/a>[\/et_pb_accordion_item][et_pb_accordion_item title=\u00bbCalificaci\u00f3n para el Manejo de Medicamentos que Contengan Sustancias Catalogadas Sujetas a Fiscalizaci\u00f3n\u00bb _builder_version=\u00bb4.17.1&#8243; hover_enabled=\u00bb0&#8243; global_colors_info=\u00bb{}\u00bb open=\u00bboff\u00bb sticky_enabled=\u00bb0&#8243;]<a href=\"https:\/\/compracorporativasalud.compraspublicas.gob.ec\/SICM\/wp-content\/uploads\/2022\/05\/info_calificacion_fiscalizacion_2022.pdf\" target=\"_blank\" rel=\"noopener noreferrer\">Descargue Aqu\u00ed<\/a>[\/et_pb_accordion_item][et_pb_accordion_item title=\u00bbSolicitud \u2013 Autorizaci\u00f3n de Importaci\u00f3n de Productos por Excepci\u00f3n para Medicamentos\u00bb _builder_version=\u00bb4.17.1&#8243; global_colors_info=\u00bb{}\u00bb open=\u00bboff\u00bb]<a href=\"https:\/\/compracorporativasalud.compraspublicas.gob.ec\/SICM\/wp-content\/uploads\/2022\/05\/info_solicitud_importacion_2022-1.pdf\" target=\"_blank\" rel=\"noopener noreferrer\">Descargue Aqu\u00ed<\/a>[\/et_pb_accordion_item][et_pb_accordion_item title=\u00bbInscripci\u00f3n de registro sanitario de medicamentos biol\u00f3gicos (fabricaci\u00f3n extranjera) \u00bb _builder_version=\u00bb4.17.1&#8243; global_colors_info=\u00bb{}\u00bb open=\u00bboff\u00bb]<a href=\"https:\/\/compracorporativasalud.compraspublicas.gob.ec\/SICM\/wp-content\/uploads\/2022\/05\/info_inscripcion_fabricacion_extranjera_2022.pdf\" target=\"_blank\" rel=\"noopener noreferrer\">Descargue Aqu\u00ed<\/a>[\/et_pb_accordion_item][et_pb_accordion_item title=\u00bbInscripci\u00f3n de registro sanitario de medicamentos (fabricaci\u00f3n nacional)\u00bb _builder_version=\u00bb4.17.1&#8243; global_colors_info=\u00bb{}\u00bb open=\u00bboff\u00bb]<a href=\"https:\/\/compracorporativasalud.compraspublicas.gob.ec\/SICM\/wp-content\/uploads\/2022\/05\/info_inscripcion_fabricacion_nacional_2022.pdf\" target=\"_blank\" rel=\"noopener noreferrer\">Descargue Aqu\u00ed<\/a>[\/et_pb_accordion_item][et_pb_accordion_item title=\u00bbInscripci\u00f3n de registro sanitario de medicamentos (fabricaci\u00f3n extranjera)\u00bb _builder_version=\u00bb4.17.1&#8243; global_colors_info=\u00bb{}\u00bb open=\u00bboff\u00bb]<a href=\"https:\/\/compracorporativasalud.compraspublicas.gob.ec\/SICM\/wp-content\/uploads\/2022\/05\/info_inscripcion_registro_sanitario_2022-1.pdf\" target=\"_blank\" rel=\"noopener noreferrer\">Descargue Aqu\u00ed<\/a>[\/et_pb_accordion_item][et_pb_accordion_item title=\u00bbCertificado de buenas pr\u00e1cticas de manufactura para laboratorios farmac\u00e9uticos (medicamentos y gases medicinales)\u00bb _builder_version=\u00bb4.17.1&#8243; global_colors_info=\u00bb{}\u00bb open=\u00bboff\u00bb]<a href=\"https:\/\/compracorporativasalud.compraspublicas.gob.ec\/SICM\/wp-content\/uploads\/2022\/05\/info_certificado_buenaspracticas_2022.pdf\" target=\"_blank\" rel=\"noopener noreferrer\">Descargue Aqu\u00ed<\/a>[\/et_pb_accordion_item][et_pb_accordion_item title=\u00bbEmisi\u00f3n de permisos de funcionamiento\u00bb _builder_version=\u00bb4.17.1&#8243; global_colors_info=\u00bb{}\u00bb open=\u00bboff\u00bb]<a href=\"https:\/\/compracorporativasalud.compraspublicas.gob.ec\/SICM\/wp-content\/uploads\/2022\/05\/info_permisos_2022.pdf\" target=\"_blank\" rel=\"noopener noreferrer\">Descargue Aqu\u00ed<\/a>[\/et_pb_accordion_item][\/et_pb_accordion][\/et_pb_column][\/et_pb_row][\/et_pb_section]<\/p>\n","protected":false},"excerpt":{"rendered":"<p>IrDescargue Aqu\u00edDescargue Aqu\u00edDescargue Aqu\u00edDescargue Aqu\u00edDescargue Aqu\u00edDescargue Aqu\u00edDescargue Aqu\u00edDescargue Aqu\u00edDescargue Aqu\u00ed<\/p>\n","protected":false},"author":1,"featured_media":0,"parent":0,"menu_order":0,"comment_status":"closed","ping_status":"closed","template":"","meta":{"_et_pb_use_builder":"on","_et_pb_old_content":"","_et_gb_content_width":"","footnotes":""},"_links":{"self":[{"href":"https:\/\/compracorporativasalud.compraspublicas.gob.ec\/SICM\/index.php?rest_route=\/wp\/v2\/pages\/513"}],"collection":[{"href":"https:\/\/compracorporativasalud.compraspublicas.gob.ec\/SICM\/index.php?rest_route=\/wp\/v2\/pages"}],"about":[{"href":"https:\/\/compracorporativasalud.compraspublicas.gob.ec\/SICM\/index.php?rest_route=\/wp\/v2\/types\/page"}],"author":[{"embeddable":true,"href":"https:\/\/compracorporativasalud.compraspublicas.gob.ec\/SICM\/index.php?rest_route=\/wp\/v2\/users\/1"}],"replies":[{"embeddable":true,"href":"https:\/\/compracorporativasalud.compraspublicas.gob.ec\/SICM\/index.php?rest_route=%2Fwp%2Fv2%2Fcomments&post=513"}],"version-history":[{"count":10,"href":"https:\/\/compracorporativasalud.compraspublicas.gob.ec\/SICM\/index.php?rest_route=\/wp\/v2\/pages\/513\/revisions"}],"predecessor-version":[{"id":618,"href":"https:\/\/compracorporativasalud.compraspublicas.gob.ec\/SICM\/index.php?rest_route=\/wp\/v2\/pages\/513\/revisions\/618"}],"wp:attachment":[{"href":"https:\/\/compracorporativasalud.compraspublicas.gob.ec\/SICM\/index.php?rest_route=%2Fwp%2Fv2%2Fmedia&parent=513"}],"curies":[{"name":"wp","href":"https:\/\/api.w.org\/{rel}","templated":true}]}}