{"id":269,"date":"2019-11-20T21:27:56","date_gmt":"2019-11-20T21:27:56","guid":{"rendered":"https:\/\/compracorporativasalud.compraspublicas.gob.ec\/?page_id=269"},"modified":"2023-03-27T16:41:15","modified_gmt":"2023-03-27T16:41:15","slug":"publicaciones","status":"publish","type":"page","link":"https:\/\/compracorporativasalud.compraspublicas.gob.ec\/index.php\/publicaciones\/","title":{"rendered":"Publicaciones"},"content":{"rendered":"<p>[et_pb_section fb_built=&#8221;1&#8243; fullwidth=&#8221;on&#8221; _builder_version=&#8221;3.22&#8243;][et_pb_fullwidth_image src=&#8221;https:\/\/compracorporativasalud.compraspublicas.gob.ec\/wp-content\/uploads\/2022\/03\/Mesa-de-trabajo-7-copia-6.png&#8221; title_text=&#8221;Mesa de trabajo 7 copia 6&#8243; _builder_version=&#8221;4.8.1&#8243; animation_style=&#8221;slide&#8221; animation_direction=&#8221;left&#8221; animation_duration=&#8221;500ms&#8221; animation_intensity_slide=&#8221;10%&#8221; animation=&#8221;left&#8221; border_style=&#8221;solid&#8221;][\/et_pb_fullwidth_image][\/et_pb_section][et_pb_section fb_built=&#8221;1&#8243; _builder_version=&#8221;3.22&#8243;][et_pb_row _builder_version=&#8221;3.25&#8243; background_size=&#8221;initial&#8221; background_position=&#8221;top_left&#8221; background_repeat=&#8221;repeat&#8221;][et_pb_column type=&#8221;4_4&#8243; _builder_version=&#8221;3.25&#8243; custom_padding=&#8221;|||&#8221; custom_padding__hover=&#8221;|||&#8221;][et_pb_accordion _builder_version=&#8221;4.8.1&#8243; hover_enabled=&#8221;0&#8243; border_style=&#8221;solid&#8221; sticky_enabled=&#8221;0&#8243;][et_pb_accordion_item title=&#8221;Libro Compra P\u00fablica en los pa\u00edses de UNASUR (2018).&#8221; open=&#8221;on&#8221; _builder_version=&#8221;3.0.47&#8243;]<a href=\"https:\/\/compracorporativasalud.compraspublicas.gob.ec\/wp-content\/uploads\/2019\/11\/LIBRO_UNASUR_MARZO_13_2018.pdf\">Descargue Aqu\u00ed<\/a><br \/>\n[\/et_pb_accordion_item][et_pb_accordion_item title=&#8221;Cuadro Nacional de Medicamentos B\u00e1sicos (10ma revisi\u00f3n)&#8221; _builder_version=&#8221;3.0.47&#8243; open=&#8221;off&#8221;]<a href=\"https:\/\/compracorporativasalud.compraspublicas.gob.ec\/wp-content\/uploads\/2019\/11\/Cuadro_Nacional_de_Medicamentos_Basicos-10ma-revision.pdf\">Descargue Aqu\u00ed<\/a><br \/>\n[\/et_pb_accordion_item][et_pb_accordion_item title=&#8221;Cuadro Nacional de Medicamentos B\u00e1sicos (11va revisi\u00f3n)&#8221; _builder_version=&#8221;4.8.1&#8243; hover_enabled=&#8221;0&#8243; open=&#8221;off&#8221; sticky_enabled=&#8221;0&#8243;]<a href=\"https:\/\/compracorporativasalud.compraspublicas.gob.ec\/wp-content\/uploads\/2023\/03\/Libro-Cuadro-Medicamentos-Basicos-11a-revision-2022.pdf\">Descargue Aqu\u00ed<\/a>[\/et_pb_accordion_item][\/et_pb_accordion][\/et_pb_column][\/et_pb_row][\/et_pb_section]<\/p>\n","protected":false},"excerpt":{"rendered":"<p>[et_pb_section fb_built=&#8221;1&#8243; fullwidth=&#8221;on&#8221; _builder_version=&#8221;3.22&#8243;][et_pb_fullwidth_image src=&#8221;https:\/\/compracorporativasalud.compraspublicas.gob.ec\/wp-content\/uploads\/2022\/03\/Mesa-de-trabajo-7-copia-6.png&#8221; title_text=&#8221;Mesa de trabajo 7 copia 6&#8243; _builder_version=&#8221;4.8.1&#8243; animation_style=&#8221;slide&#8221; animation_direction=&#8221;left&#8221; animation_duration=&#8221;500ms&#8221; animation_intensity_slide=&#8221;10%&#8221; animation=&#8221;left&#8221; border_style=&#8221;solid&#8221;][\/et_pb_fullwidth_image][\/et_pb_section][et_pb_section fb_built=&#8221;1&#8243; _builder_version=&#8221;3.22&#8243;][et_pb_row _builder_version=&#8221;3.25&#8243; background_size=&#8221;initial&#8221; background_position=&#8221;top_left&#8221; background_repeat=&#8221;repeat&#8221;][et_pb_column type=&#8221;4_4&#8243; _builder_version=&#8221;3.25&#8243; custom_padding=&#8221;|||&#8221; custom_padding__hover=&#8221;|||&#8221;][et_pb_accordion _builder_version=&#8221;4.8.1&#8243; hover_enabled=&#8221;0&#8243; border_style=&#8221;solid&#8221; sticky_enabled=&#8221;0&#8243;][et_pb_accordion_item title=&#8221;Libro Compra P\u00fablica en los pa\u00edses de UNASUR (2018).&#8221; open=&#8221;on&#8221; _builder_version=&#8221;3.0.47&#8243;]Descargue Aqu\u00ed [\/et_pb_accordion_item][et_pb_accordion_item title=&#8221;Cuadro Nacional de Medicamentos B\u00e1sicos (10ma revisi\u00f3n)&#8221; _builder_version=&#8221;3.0.47&#8243; open=&#8221;off&#8221;]Descargue Aqu\u00ed [&hellip;]<\/p>\n","protected":false},"author":5,"featured_media":0,"parent":0,"menu_order":0,"comment_status":"closed","ping_status":"closed","template":"","meta":{"_et_pb_use_builder":"on","_et_pb_old_content":"","_et_gb_content_width":""},"_links":{"self":[{"href":"https:\/\/compracorporativasalud.compraspublicas.gob.ec\/index.php\/wp-json\/wp\/v2\/pages\/269"}],"collection":[{"href":"https:\/\/compracorporativasalud.compraspublicas.gob.ec\/index.php\/wp-json\/wp\/v2\/pages"}],"about":[{"href":"https:\/\/compracorporativasalud.compraspublicas.gob.ec\/index.php\/wp-json\/wp\/v2\/types\/page"}],"author":[{"embeddable":true,"href":"https:\/\/compracorporativasalud.compraspublicas.gob.ec\/index.php\/wp-json\/wp\/v2\/users\/5"}],"replies":[{"embeddable":true,"href":"https:\/\/compracorporativasalud.compraspublicas.gob.ec\/index.php\/wp-json\/wp\/v2\/comments?post=269"}],"version-history":[{"count":8,"href":"https:\/\/compracorporativasalud.compraspublicas.gob.ec\/index.php\/wp-json\/wp\/v2\/pages\/269\/revisions"}],"predecessor-version":[{"id":984,"href":"https:\/\/compracorporativasalud.compraspublicas.gob.ec\/index.php\/wp-json\/wp\/v2\/pages\/269\/revisions\/984"}],"wp:attachment":[{"href":"https:\/\/compracorporativasalud.compraspublicas.gob.ec\/index.php\/wp-json\/wp\/v2\/media?parent=269"}],"curies":[{"name":"wp","href":"https:\/\/api.w.org\/{rel}","templated":true}]}}